 b. Let y(s) = -s**3 - 7*s**2 - 8*s - 6. Determine y(o).
6
Let t(c) = 2*c**2 - 2*c. Suppose -4*m = -6 - 2. What is t(m)?
4
Let j(n) = n - 5. Let d(b) = 4*b - 15. Suppose 0 = 4*m - 12, 0 = -2*y - 3*m + 5. Let r(z) = y*d(z) + 7*j(z). Calculate r(-4).
-1
Let p(m) be the first derivative of m**6/360 - m**5/30 + m**4/24 - 5*m**3/3 - 1. Let g(b) be the third derivative of p(b). What is g(4)?
1
Let u(l) = -10*l**3 - 2*l**2 - l. Let y(t) = t**3 + 7*t**2 + 7*t + 5. Let f = -5 + -1. Let m be y(f). What is u(m)?
9
Let w(t) be the second derivative of 0 + 2/3*t**3 - 1/12*t**4 + 7*t - 1/2*t**2. Calculate w(3).
2
Let a be ((-18)/15)/((-2)/5). Let w(i) = -i**2 + 3*i - 2. Calculate w(a).
-2
Let k(q) = -q**3 + 5*q**2 - q + 5. Let t be k(5). Suppose t = 5*s - 3*s - 4. Let f(l) = l**3 - 1. Determine f(s).
7
Let u(z) = -z**3 - 5*z**2 - 6*z - 4. Suppose 15 = 3*c + 3*j, 2*j - 1 = 2*c + 1. Suppose -c = -5*p + 33. Let y = p + -11. What is u(y)?
4
Suppose -l = -4*q + 17, 5*q + 0*q + 5*l - 15 = 0. Let k(b) be the second derivative of -b**4/12 + 2*b**3/3 + 2*b**2 - b. What is k(q)?
4
Let n(k) be the second derivative of -k**7/840 + k**6/72 + k**5/20 - k**4/6 + 5*k**3/6 + 2*k. Let l(f) be the second derivative of n(f). What is l(6)?
-4
Let j(m) = -1 + m - m**3 - 4*m**2 - m**2 - 4*m. Let g = -237 + 233. Determine j(g).
-5
Let m(x) be the first derivative of x**3/3 - 2*x**2 + 1. Let v be (-6)/6 + 2*-2. Let i = -3 - v. What is m(i)?
-4
Let h(o) = o - 3. Suppose 8*a - 16 = -40. What is h(a)?
-6
Let x(o) be the first derivative of -o**7/120 + o**5/120 - 2*o**3/3 + 4. Let t(l) be the third derivative of x(l). What is t(-1)?
6
Let j(o) = -3*o**3 + 5*o - 3. Let y(z) = -4*z**3 + z**2 + 5*z - 3. Let b(s) = 3*j(s) - 2*y(s). Suppose -4*a + 57 = 9. Let x = -16 + a. Calculate b(x).
9
Let h(u) = -8*u + 8 - 5*u + 12*u. Determine h(6).
2
Let r(k) = -k**3 - 6*k**2 - 5*k - 2. Let p(h) = -h**3 - 6*h**2 + h + 1. Let v be p(-6). Calculate r(v).
-2
Suppose 6*w = w. Let z(b) = -b**2 + 3. Give z(w).
3
Let c(s) = -s**3 + 7*s**2 - 5*s - 1. Let u be c(6). Let n(k) = -k**2 + 6*k + 4. What is n(u)?
9
Let a(k) = k**3 - 4*k**2 - 4*k. Let b be a(5). Let r(p) = p**3 - 6*p**2 + 3*p + 3. What is r(b)?
-7
Let c = -131 - -132. Let t(v) = -9*v**3 + v**2 - 1. Determine t(c).
-9
Let q(p) = p**2 + 6*p + 5. Let s = -4 - -8. Suppose 4*o = -0*h + 3*h - 19, s*o + 11 = -5*h. Calculate q(o).
-3
Suppose 3*m = 2*n - n - 3, 4*m = 0. Let k(x) = 5*x - 3*x + 4*x + 1 - 4*x. Let j(d) = -2*d - 1. Let z(u) = 4*j(u) + 5*k(u). What is z(n)?
7
Let a(h) be the third derivative of h**6/20 + h**4/24 + h**3/6 - 3*h**2. What is a(-1)?
-6
Let x(n) = n + 2. Suppose 4*s - 3*p = -17, -17 = -4*p - 5. Let v = s - -6. Give x(v).
6
Let v be (-2)/(-11) + (-40)/(-22). Let d(g) = 4*g**v - g + 5 + 2 - 5 + g**3. What is d(-4)?
6
Suppose 0 = 2*b + 11 + 1. Let a(v) = -v**2 - v + 1. Let x(s) = 7*s**2 + 9*s - 12. Let p(k) = 6*a(k) + x(k). What is p(b)?
12
Let q be (-3 - -1)*(-2)/4. Let w(i) = -i - q + 4 + 3. Let a = 5 - 0. What is w(a)?
1
Let t(i) = i**3 + 4*i**2 + 4*i + 1. Let m = -87 + 59. Let g be 8/m - (-88)/14. Suppose g = -y - y. Determine t(y).
-2
Let p(c) be the first derivative of -c**5/20 - 5*c**4/12 + 7*c**3/6 - 3*c + 6. Let d(t) be the first derivative of p(t). Calculate d(-6).
-6
Suppose 4*s + 7*r = 2*r - 5, -2*r = -6. Let d(p) = -5*p + 1. Let x(l) = -4*l. Let c(h) = h. Let i(u) = 7*c(u) + 2*x(u). Let k(o) = -d(o) + 4*i(o). Give k(s).
-6
Let i(o) = o**2 - o - 1. Suppose d = 2 + 1. Calculate i(d).
5
Let d(b) = -2*b**2 - 5*b - 3. Suppose -5*y - 15 = t, -y - 2*y + 5*t - 9 = 0. Calculate d(y).
-6
Let i(o) = 3 - 3*o - 3. Let w be (0*(-2 - -3))/3 + 2. Give i(w).
-6
Suppose 0*q - q = -3. Let y be 1/((-6)/q)*-2. Let p be (y/2)/1*-2. Let s(v) = -3*v. What is s(p)?
3
Let t(m) = 17*m**2 + 6*m + 8. Let b(p) = 6*p**2 + 2*p + 3. Let l(v) = 8*b(v) - 3*t(v). Give l(-3).
-21
Let j(i) = -i + 2. Let o(n) = n**2 - 1. Let m be o(-2). Calculate j(m).
-1
Let u(x) = -3*x + 1. Let l(v) = v + 1. Let s be l(-2). What is u(s)?
4
Let q(t) = -t**2. Suppose 0*g + 5*g = 0. Suppose -z = -g + 3. Calculate q(z).
-9
Let k = -1 - -5. Let q(r) = -4*r + 13*r**2 + 5*r - k*r**2. Determine q(-1).
8
Let i = -4 + 7. Let v(t) = -3*t + t**i - 4*t**2 - 2*t**3 + 2 + t. Suppose -c + 4*c = 3*g - 6, 0 = c + 5. Give v(g).
-1
Let y(c) be the second derivative of c**4/12 + c**3 + c**2 + 15*c. Give y(-5).
-3
Let v(b) be the third derivative of -1/120*b**6 + 0*b - 3*b**2 + 0*b**3 - 1/12*b**5 - 1/24*b**4 + 0. What is v(-3)?
-15
Let c(q) = -4*q**2 + 6*q**2 + 32*q - 36*q. What is c(3)?
6
Suppose -5*k = -5, -3*t + 7*k - 3*k = 19. Let f(j) = -2*j - 5. What is f(t)?
5
Let d(g) = 15 - 34 + 16 - g. Calculate d(-5).
2
Let z(o) = -o**3 + 12*o**2 + 5*o - 50. Let k be z(12). Suppose 0 = 2*m - 0*m - 20. Let b be (-4)/k - m/(-25). Let l(j) = j + 3. Calculate l(b).
3
Suppose 0 = -d + 5*d + 20. Let w(b) = -b**2 - 7*b - 7. Let l be w(d). Let f(i) = -i**2 + i. Calculate f(l).
-6
Let d be (4/(-14))/(24/(-14)). Let k(r) be the second derivative of 0 - d*r**3 + 0*r**2 - r. Calculate k(0).
0
Suppose d + 5 = 2*t + 3, 3*d - 5*t = -5. Let v(q) = -5 - q**3 + 2*q**3 + d*q**3. Give v(0).
-5
Suppose -3*j = 4*m + j + 4, 0 = 3*m + 4*j + 7. Let n(t) = 8*t**3 - 8*t + 6*t - 4 - 7*t**3 - t**2. What is n(m)?
8
Let h be ((-20)/(-15))/4 + (-52)/(-6). Let z(b) = -b + 9. What is z(h)?
0
Let b(r) = -r**3 - 2*r**2 + 0*r**3 + 4 + 4 + 7*r + 8*r**2. Determine b(7).
8
Let z(s) = 4*s**2 + 2*s - 1. Let h be 1 + 2 + 0 + -2. What is z(h)?
5
Let m(l) = -l**3 + 3. Let s be (-1)/(3 - 2) - -2. Suppose -s = -w + p + 4, -2*w + 5 = -p. What is m(w)?
3
Let f(z) be the third derivative of z**4/4 - z**3/6 + 2*z**2. Suppose 0 = -w + 4 - 3. Suppose 0*q = q + w. What is f(q)?
-7
Let f(c) = -2*c + 3. Suppose 2*u = 4*s - 0*s - 42, -3*s - 4*u = -48. Suppose s = 7*v - 3*v. Determine f(v).
-3
Let c(w) be the second derivative of -w**4/12 + 2*w**3/3 - 3*w. Suppose 26 = 2*x - 8. Let u = -12 + x. Calculate c(u).
-5
Let a(u) be the second derivative of 0 + 1/3*u**3 - 3/2*u**2 - 2*u. Calculate a(4).
5
Let r(n) = n - 4. Let i be r(9). Suppose 6*x = i*x - 1. Let b(g) = 4*g - 2. Let u(l) = -5*l + 1. Let o(z) = 2*b(z) + 3*u(z). Calculate o(x).
6
Suppose 4*d - 16 - 8 = 0. Let o(w) = 4 - d - 2*w**2 + 1 - 3*w + 4. Let q be ((-1)/(-2))/(3/(-18)). What is o(q)?
-6
Let p(o) = -o**2 - 2*o + 5. Let d be p(-4). Let y(h) be the first derivative of 4 + 2*h + 2/3*h**3 + 5/2*h**2. Determine y(d).
5
Let t(u) = -u**2. Let g(k) = k**3 + 3*k**2 - 5. Let p(q) = -g(q) + 2*t(q). Give p(-5).
5
Let q be 12/(-16) + 1 + 38/8. Let t(p) = -p**2 + 4*p + 5. Determine t(q).
0
Let f be -1 - 2*(-2)/(-1). Let k(o) = -o**2 - 6*o - 6 - 4 + 7 + 0*o. Calculate k(f).
2
Let a(k) = k**3 + 4*k**2 - 11*k - 4. Let u(i) = -3*i**3 - 11*i**2 + 34*i + 11. Let y(f) = 7*a(f) + 2*u(f). What is y(-7)?
8
Let p(g) = g**3 + 8*g**2 + g + 5. Suppose 32 = -2*o + 4*r, 8*o + 48 = 3*o + 2*r. Calculate p(o).
-3
Let d(r) be the second derivative of r**4/12 - 7*r**3/6 - 11*r**2/2 - 8*r. Calculate d(8).
-3
Let h(j) = -j - 3. Let c be (1 - 1)/(-6 + 5). Suppose y - 6 = -c*y - f, f + 18 = 5*y. Suppose -u = -y*u + 15. Calculate h(u).
-8
Let y(q) = 0 + 1 - 6*q**3 + q**2 - q - q**3. Let p(x) = x**2 + 4*x + 4. Let h be 10/(-3) - 2/(-6). Let b be p(h). Calculate y(b).
-6
Let a(r) = r + r**2 - 5*r - 2 - 3*r. What is a(6)?
-8
Let k(d) = 15*d + 13. Let t(f) = -8*f - 7. Let c(b) = 4*k(b) + 7*t(b). Give c(-2).
-5
Let z(k) = -9*k**3 + 8*k**2 - 4*k - 5. Let g(l) = 7*l**3 - 7*l**2 + 3*l + 4. Let h(t) = 6*g(t) + 5*z(t). Suppose 0 = -4*n - n - 5. What is h(n)?
2
Let o(z) = 4*z. Let k = 9 - 8. Let w be -8 + 11 - 1/k. Give o(w).
8
Suppose -m + 4*n = -27, 3*n = 8*m - 4*m - 43. Let x = m - 3. Let s(k) = 2*k + k + 2*k - x*k. Calculate s(4).
4
Let x(q) = q**3 + 7*q**2 + 7. Suppose -h = 2 + 5. Calculate x(h).
7
Let x be 4*(2/4 + 0). Let o(s) = 5*s**3 - 16*s**2 + 3*s - 6 + 12*s**x - 4*s**3 + 0*s. Calculate o(4).
6
Let x = -13 + 17. Let r(n) = 9 - 2*n - x + n. Calculate r(6).
-1
Let l(d) = 2*d**2 - d - 2. Let t be l(2). Let i(z) = -t*z**2 - 3*z**2 + 9 - 4*z**3 + z + 3*z**3. Determine i(-7).
2
Let t(i) = 2*i**2 + 2*i - 2. Let g be t(-2). Let n(s) be the second derivative of s**3/2 - 3*s**2/2 - 3*s. Calculate n(g).
3
Let y(a) = -1 - 2*a + 3*a + 7*a. What 